{"id":2,"date":"2021-12-08T10:30:56","date_gmt":"2021-12-08T10:30:56","guid":{"rendered":"https:\/\/tontit.mynamaki.fi\/?page_id=2"},"modified":"2025-08-15T13:55:10","modified_gmt":"2025-08-15T10:55:10","slug":"etusivu","status":"publish","type":"page","link":"https:\/\/tontit.mynamaki.fi\/","title":{"rendered":"Etusivu"},"content":{"rendered":"\t\t<div data-elementor-type=\"wp-page\" data-elementor-id=\"2\" class=\"elementor elementor-2\" data-elementor-post-type=\"page\">\n\t\t\t\t\t\t<section class=\"elementor-section elementor-top-section elementor-element elementor-element-e74da21 elementor-section-boxed elementor-section-height-default elementor-section-height-default\" data-id=\"e74da21\" data-element_type=\"section\" data-e-type=\"section\">\n\t\t\t\t\t\t<div class=\"elementor-container elementor-column-gap-default\">\n\t\t\t\t\t<div class=\"elementor-column elementor-col-100 elementor-top-column elementor-element elementor-element-a4043ed\" data-id=\"a4043ed\" data-element_type=\"column\" data-e-type=\"column\">\n\t\t\t<div class=\"elementor-widget-wrap elementor-element-populated\">\n\t\t\t\t\t\t<div class=\"elementor-element elementor-element-c86d8cf elementor-widget elementor-widget-spacer\" data-id=\"c86d8cf\" data-element_type=\"widget\" data-e-type=\"widget\" data-widget_type=\"spacer.default\">\n\t\t\t\t<div class=\"elementor-widget-container\">\n\t\t\t\t\t\t\t<div class=\"elementor-spacer\">\n\t\t\t<div class=\"elementor-spacer-inner\"><\/div>\n\t\t<\/div>\n\t\t\t\t\t\t<\/div>\n\t\t\t\t<\/div>\n\t\t\t\t<div class=\"elementor-element elementor-element-c42c7ca elementor-widget elementor-widget-heading\" data-id=\"c42c7ca\" data-element_type=\"widget\" data-e-type=\"widget\" data-widget_type=\"heading.default\">\n\t\t\t\t<div class=\"elementor-widget-container\">\n\t\t\t\t\t<h1 class=\"elementor-heading-title elementor-size-default\">Muuttaisitko Myn\u00e4m\u00e4keen?<\/h1>\t\t\t\t<\/div>\n\t\t\t\t<\/div>\n\t\t\t\t<div class=\"elementor-element elementor-element-aed77a1 elementor-widget elementor-widget-text-editor\" data-id=\"aed77a1\" data-element_type=\"widget\" data-e-type=\"widget\" data-widget_type=\"text-editor.default\">\n\t\t\t\t<div class=\"elementor-widget-container\">\n\t\t\t\t\t\t\t\t\t<p>Myn\u00e4m\u00e4ki on vire\u00e4 ja nykyaikainen vajaan 8000 asukkaan kunta keskell\u00e4 kaunista varsinais-suomalaista maalaismaisemaa. Kiinnostaako sinua liikunta, luonto, kulttuuri tai vaikkapa k\u00e4dentaidot? Myn\u00e4m\u00e4est\u00e4 l\u00f6ytyy koko perheelle mahdollisuuksia ja el\u00e4myksi\u00e4 ymp\u00e4ri vuoden.<\/p>\t\t\t\t\t\t\t\t<\/div>\n\t\t\t\t<\/div>\n\t\t\t\t<div class=\"elementor-element elementor-element-0432bf6 elementor-align-center elementor-widget elementor-widget-button\" data-id=\"0432bf6\" data-element_type=\"widget\" data-e-type=\"widget\" data-widget_type=\"button.default\">\n\t\t\t\t<div class=\"elementor-widget-container\">\n\t\t\t\t\t\t\t\t\t<div class=\"elementor-button-wrapper\">\n\t\t\t\t\t<a class=\"elementor-button elementor-button-link elementor-size-sm\" href=\"https:\/\/link.webropolsurveys.com\/Participation\/Public\/ff30f71d-0413-4f51-b5d3-2ba6ed3213c6?displayId=Fin2267439\">\n\t\t\t\t\t\t<span class=\"elementor-button-content-wrapper\">\n\t\t\t\t\t\t\t\t\t<span class=\"elementor-button-text\">Tonttivaraus<\/span>\n\t\t\t\t\t<\/span>\n\t\t\t\t\t<\/a>\n\t\t\t\t<\/div>\n\t\t\t\t\t\t\t\t<\/div>\n\t\t\t\t<\/div>\n\t\t\t\t<div class=\"elementor-element elementor-element-d8fedc8 elementor-align-center elementor-widget elementor-widget-button\" data-id=\"d8fedc8\" data-element_type=\"widget\" data-e-type=\"widget\" data-widget_type=\"button.default\">\n\t\t\t\t<div class=\"elementor-widget-container\">\n\t\t\t\t\t\t\t\t\t<div class=\"elementor-button-wrapper\">\n\t\t\t\t\t<a class=\"elementor-button elementor-button-link elementor-size-sm\" href=\"https:\/\/tontit.mynamaki.fi\/?page_id=1347\">\n\t\t\t\t\t\t<span class=\"elementor-button-content-wrapper\">\n\t\t\t\t\t\t\t\t\t<span class=\"elementor-button-text\">Tontin ostajan muistilista<\/span>\n\t\t\t\t\t<\/span>\n\t\t\t\t\t<\/a>\n\t\t\t\t<\/div>\n\t\t\t\t\t\t\t\t<\/div>\n\t\t\t\t<\/div>\n\t\t\t\t\t<\/div>\n\t\t<\/div>\n\t\t\t\t\t<\/div>\n\t\t<\/section>\n\t\t\t\t<section class=\"elementor-section elementor-top-section elementor-element elementor-element-976fc23 elementor-section-boxed elementor-section-height-default elementor-section-height-default\" data-id=\"976fc23\" data-element_type=\"section\" data-e-type=\"section\">\n\t\t\t\t\t\t<div class=\"elementor-container elementor-column-gap-default\">\n\t\t\t\t\t<div class=\"elementor-column elementor-col-100 elementor-top-column elementor-element elementor-element-ad93041\" data-id=\"ad93041\" data-element_type=\"column\" data-e-type=\"column\">\n\t\t\t<div class=\"elementor-widget-wrap elementor-element-populated\">\n\t\t\t\t\t\t<div class=\"elementor-element elementor-element-1265605 elementor-widget-divider--view-line elementor-widget elementor-widget-divider\" data-id=\"1265605\" data-element_type=\"widget\" data-e-type=\"widget\" data-widget_type=\"divider.default\">\n\t\t\t\t<div class=\"elementor-widget-container\">\n\t\t\t\t\t\t\t<div class=\"elementor-divider\">\n\t\t\t<span class=\"elementor-divider-separator\">\n\t\t\t\t\t\t<\/span>\n\t\t<\/div>\n\t\t\t\t\t\t<\/div>\n\t\t\t\t<\/div>\n\t\t\t\t\t<\/div>\n\t\t<\/div>\n\t\t\t\t\t<\/div>\n\t\t<\/section>\n\t\t\t\t<section class=\"elementor-section elementor-top-section elementor-element elementor-element-0a61ec0 elementor-section-boxed elementor-section-height-default elementor-section-height-default\" data-id=\"0a61ec0\" data-element_type=\"section\" data-e-type=\"section\">\n\t\t\t\t\t\t<div class=\"elementor-container elementor-column-gap-default\">\n\t\t\t\t\t<div class=\"elementor-column elementor-col-20 elementor-top-column elementor-element elementor-element-7623a99\" data-id=\"7623a99\" data-element_type=\"column\" data-e-type=\"column\">\n\t\t\t<div class=\"elementor-widget-wrap elementor-element-populated\">\n\t\t\t\t\t\t<div class=\"elementor-element elementor-element-ecf4170 elementor-view-default elementor-position-block-start elementor-mobile-position-block-start elementor-widget elementor-widget-icon-box\" data-id=\"ecf4170\" data-element_type=\"widget\" data-e-type=\"widget\" data-widget_type=\"icon-box.default\">\n\t\t\t\t<div class=\"elementor-widget-container\">\n\t\t\t\t\t\t\t<div class=\"elementor-icon-box-wrapper\">\n\n\t\t\t\t\t\t<div class=\"elementor-icon-box-icon\">\n\t\t\t\t<span  class=\"elementor-icon\">\n\t\t\t\t<i aria-hidden=\"true\" class=\"fas fa-star\"><\/i>\t\t\t\t<\/span>\n\t\t\t<\/div>\n\t\t\t\n\t\t\t\t\t\t<div class=\"elementor-icon-box-content\">\n\n\t\t\t\t\t\t\t\t\t<h3 class=\"elementor-icon-box-title\">\n\t\t\t\t\t\t<span  >\n\t\t\t\t\t\t\tTurvallinen arki Myn\u00e4m\u00e4ess\u00e4\t\t\t\t\t\t<\/span>\n\t\t\t\t\t<\/h3>\n\t\t\t\t\n\t\t\t\t\t\t\t\t\t<p class=\"elementor-icon-box-description\">\n\t\t\t\t\t\tMyn\u00e4m\u00e4ki on turvallinen maalaiskunta.\t\t\t\t\t<\/p>\n\t\t\t\t\n\t\t\t<\/div>\n\t\t\t\n\t\t<\/div>\n\t\t\t\t\t\t<\/div>\n\t\t\t\t<\/div>\n\t\t\t\t\t<\/div>\n\t\t<\/div>\n\t\t\t\t<div class=\"elementor-column elementor-col-20 elementor-top-column elementor-element elementor-element-46159c7\" data-id=\"46159c7\" data-element_type=\"column\" data-e-type=\"column\">\n\t\t\t<div class=\"elementor-widget-wrap elementor-element-populated\">\n\t\t\t\t\t\t<div class=\"elementor-element elementor-element-dffb635 elementor-view-default elementor-position-block-start elementor-mobile-position-block-start elementor-widget elementor-widget-icon-box\" data-id=\"dffb635\" data-element_type=\"widget\" data-e-type=\"widget\" data-widget_type=\"icon-box.default\">\n\t\t\t\t<div class=\"elementor-widget-container\">\n\t\t\t\t\t\t\t<div class=\"elementor-icon-box-wrapper\">\n\n\t\t\t\t\t\t<div class=\"elementor-icon-box-icon\">\n\t\t\t\t<span  class=\"elementor-icon\">\n\t\t\t\t<i aria-hidden=\"true\" class=\"fas fa-star\"><\/i>\t\t\t\t<\/span>\n\t\t\t<\/div>\n\t\t\t\n\t\t\t\t\t\t<div class=\"elementor-icon-box-content\">\n\n\t\t\t\t\t\t\t\t\t<h3 class=\"elementor-icon-box-title\">\n\t\t\t\t\t\t<span  >\n\t\t\t\t\t\t\tKattavat palvelut\t\t\t\t\t\t<\/span>\n\t\t\t\t\t<\/h3>\n\t\t\t\t\n\t\t\t\t\t\t\t\t\t<p class=\"elementor-icon-box-description\">\n\t\t\t\t\t\tSaatavana kaikenik\u00e4isille. Myn\u00e4m\u00e4est\u00e4 l\u00f6yd\u00e4t toimivat palvelut aina erinomaisesta kouluverkosta uuteen terveyskeskukseen ja erikoisliikkeisiin.\t\t\t\t\t<\/p>\n\t\t\t\t\n\t\t\t<\/div>\n\t\t\t\n\t\t<\/div>\n\t\t\t\t\t\t<\/div>\n\t\t\t\t<\/div>\n\t\t\t\t\t<\/div>\n\t\t<\/div>\n\t\t\t\t<div class=\"elementor-column elementor-col-20 elementor-top-column elementor-element elementor-element-e581a3a\" data-id=\"e581a3a\" data-element_type=\"column\" data-e-type=\"column\">\n\t\t\t<div class=\"elementor-widget-wrap elementor-element-populated\">\n\t\t\t\t\t\t<div class=\"elementor-element elementor-element-7ecd03b elementor-view-default elementor-position-block-start elementor-mobile-position-block-start elementor-widget elementor-widget-icon-box\" data-id=\"7ecd03b\" data-element_type=\"widget\" data-e-type=\"widget\" data-widget_type=\"icon-box.default\">\n\t\t\t\t<div class=\"elementor-widget-container\">\n\t\t\t\t\t\t\t<div class=\"elementor-icon-box-wrapper\">\n\n\t\t\t\t\t\t<div class=\"elementor-icon-box-icon\">\n\t\t\t\t<span  class=\"elementor-icon\">\n\t\t\t\t<i aria-hidden=\"true\" class=\"fas fa-star\"><\/i>\t\t\t\t<\/span>\n\t\t\t<\/div>\n\t\t\t\n\t\t\t\t\t\t<div class=\"elementor-icon-box-content\">\n\n\t\t\t\t\t\t\t\t\t<h3 class=\"elementor-icon-box-title\">\n\t\t\t\t\t\t<span  >\n\t\t\t\t\t\t\tKaunis<\/br> luonto\t\t\t\t\t\t<\/span>\n\t\t\t\t\t<\/h3>\n\t\t\t\t\n\t\t\t\t\t\t\t\t\t<p class=\"elementor-icon-box-description\">\n\t\t\t\t\t\tMeill\u00e4 nautitaan luonnonrauhasta ja vehreist\u00e4 maalaismaisemista. \t\t\t\t\t<\/p>\n\t\t\t\t\n\t\t\t<\/div>\n\t\t\t\n\t\t<\/div>\n\t\t\t\t\t\t<\/div>\n\t\t\t\t<\/div>\n\t\t\t\t\t<\/div>\n\t\t<\/div>\n\t\t\t\t<div class=\"elementor-column elementor-col-20 elementor-top-column elementor-element elementor-element-d1f038e\" data-id=\"d1f038e\" data-element_type=\"column\" data-e-type=\"column\">\n\t\t\t<div class=\"elementor-widget-wrap elementor-element-populated\">\n\t\t\t\t\t\t<div class=\"elementor-element elementor-element-fa5aa16 elementor-view-default elementor-position-block-start elementor-mobile-position-block-start elementor-widget elementor-widget-icon-box\" data-id=\"fa5aa16\" data-element_type=\"widget\" data-e-type=\"widget\" data-widget_type=\"icon-box.default\">\n\t\t\t\t<div class=\"elementor-widget-container\">\n\t\t\t\t\t\t\t<div class=\"elementor-icon-box-wrapper\">\n\n\t\t\t\t\t\t<div class=\"elementor-icon-box-icon\">\n\t\t\t\t<span  class=\"elementor-icon\">\n\t\t\t\t<i aria-hidden=\"true\" class=\"fas fa-star\"><\/i>\t\t\t\t<\/span>\n\t\t\t<\/div>\n\t\t\t\n\t\t\t\t\t\t<div class=\"elementor-icon-box-content\">\n\n\t\t\t\t\t\t\t\t\t<h3 class=\"elementor-icon-box-title\">\n\t\t\t\t\t\t<span  >\n\t\t\t\t\t\t\tLiikenne-yhteydet\t\t\t\t\t\t<\/span>\n\t\t\t\t\t<\/h3>\n\t\t\t\t\n\t\t\t\t\t\t\t\t\t<p class=\"elementor-icon-box-description\">\n\t\t\t\t\t\tMyn\u00e4m\u00e4ki sijaitsee logistisesti erinomaisella paikalla. Moottoritiet\u00e4 pitkin 30 km:n matka Turkuun taittuu vain 20:ss\u00e4 minuutissa. Uuteenkaupunkiin on matkaa 45 km ja Raumalle 60 km.\t\t\t\t\t<\/p>\n\t\t\t\t\n\t\t\t<\/div>\n\t\t\t\n\t\t<\/div>\n\t\t\t\t\t\t<\/div>\n\t\t\t\t<\/div>\n\t\t\t\t\t<\/div>\n\t\t<\/div>\n\t\t\t\t<div class=\"elementor-column elementor-col-20 elementor-top-column elementor-element elementor-element-3efe0e1\" data-id=\"3efe0e1\" data-element_type=\"column\" data-e-type=\"column\">\n\t\t\t<div class=\"elementor-widget-wrap elementor-element-populated\">\n\t\t\t\t\t\t<div class=\"elementor-element elementor-element-54a8114 elementor-view-default elementor-position-block-start elementor-mobile-position-block-start elementor-widget elementor-widget-icon-box\" data-id=\"54a8114\" data-element_type=\"widget\" data-e-type=\"widget\" data-widget_type=\"icon-box.default\">\n\t\t\t\t<div class=\"elementor-widget-container\">\n\t\t\t\t\t\t\t<div class=\"elementor-icon-box-wrapper\">\n\n\t\t\t\t\t\t<div class=\"elementor-icon-box-icon\">\n\t\t\t\t<span  class=\"elementor-icon\">\n\t\t\t\t<i aria-hidden=\"true\" class=\"fas fa-star\"><\/i>\t\t\t\t<\/span>\n\t\t\t<\/div>\n\t\t\t\n\t\t\t\t\t\t<div class=\"elementor-icon-box-content\">\n\n\t\t\t\t\t\t\t\t\t<h3 class=\"elementor-icon-box-title\">\n\t\t\t\t\t\t<span  >\n\t\t\t\t\t\t\tAktiivinen<\/br> kunta\t\t\t\t\t\t<\/span>\n\t\t\t\t\t<\/h3>\n\t\t\t\t\n\t\t\t\t\t\t\t\t\t<p class=\"elementor-icon-box-description\">\n\t\t\t\t\t\tMyn\u00e4m\u00e4ess\u00e4 on monipuoliset harrastus- ja virkistysmahdollisuudet. Kunta ja kyl\u00e4toimikunnat toimivat aktiivisesti asukkaidensa hyv\u00e4ksi.\t\t\t\t\t<\/p>\n\t\t\t\t\n\t\t\t<\/div>\n\t\t\t\n\t\t<\/div>\n\t\t\t\t\t\t<\/div>\n\t\t\t\t<\/div>\n\t\t\t\t\t<\/div>\n\t\t<\/div>\n\t\t\t\t\t<\/div>\n\t\t<\/section>\n\t\t\t\t<section class=\"elementor-section elementor-top-section elementor-element elementor-element-21e4e3f elementor-section-boxed elementor-section-height-default elementor-section-height-default\" data-id=\"21e4e3f\" data-element_type=\"section\" data-e-type=\"section\">\n\t\t\t\t\t\t<div class=\"elementor-container elementor-column-gap-default\">\n\t\t\t\t\t<div class=\"elementor-column elementor-col-100 elementor-top-column elementor-element elementor-element-2397b40\" data-id=\"2397b40\" data-element_type=\"column\" data-e-type=\"column\">\n\t\t\t<div class=\"elementor-widget-wrap elementor-element-populated\">\n\t\t\t\t\t\t<div class=\"elementor-element elementor-element-9e40cf9 elementor-widget elementor-widget-heading\" data-id=\"9e40cf9\" data-element_type=\"widget\" data-e-type=\"widget\" data-widget_type=\"heading.default\">\n\t\t\t\t<div class=\"elementor-widget-container\">\n\t\t\t\t\t<h1 class=\"elementor-heading-title elementor-size-large\">Ajankohtaista<br><\/h1>\t\t\t\t<\/div>\n\t\t\t\t<\/div>\n\t\t\t\t<div class=\"elementor-element elementor-element-cc3448b elementor-widget elementor-widget-text-editor\" data-id=\"cc3448b\" data-element_type=\"widget\" data-e-type=\"widget\" data-widget_type=\"text-editor.default\">\n\t\t\t\t<div class=\"elementor-widget-container\">\n\t\t\t\t\t\t\t\t\t<p>\u00a0<\/p><p>\u00a0<\/p>\t\t\t\t\t\t\t\t<\/div>\n\t\t\t\t<\/div>\n\t\t\t\t\t<\/div>\n\t\t<\/div>\n\t\t\t\t\t<\/div>\n\t\t<\/section>\n\t\t\t\t<\/div>\n\t\t","protected":false},"excerpt":{"rendered":"<p>Muuttaisitko Myn\u00e4m\u00e4keen? Myn\u00e4m\u00e4ki on vire\u00e4 ja nykyaikainen vajaan 8000 asukkaan kunta keskell\u00e4 kaunista varsinais-suomalaista maalaismaisemaa. Kiinnostaako sinua liikunta, luonto, kulttuuri tai vaikkapa k\u00e4dentaidot? Myn\u00e4m\u00e4est\u00e4 l\u00f6ytyy koko perheelle mahdollisuuksia ja el\u00e4myksi\u00e4 ymp\u00e4ri vuoden. Tonttivaraus Tontin ostajan muistilista Turvallinen arki Myn\u00e4m\u00e4ess\u00e4 Myn\u00e4m\u00e4ki on turvallinen maalaiskunta. Kattavat palvelut Saatavana kaikenik\u00e4isille. Myn\u00e4m\u00e4est\u00e4 l\u00f6yd\u00e4t toimivat palvelut aina erinomaisesta kouluverkosta uuteen [&hellip;]<\/p>\n","protected":false},"author":1,"featured_media":0,"parent":0,"menu_order":0,"comment_status":"closed","ping_status":"closed","template":"","meta":{"footnotes":""},"class_list":["post-2","page","type-page","status-publish","hentry"],"yoast_head":"<!-- This site is optimized with the Yoast SEO plugin v27.3 - https:\/\/yoast.com\/product\/yoast-seo-wordpress\/ -->\n<title>Etusivu - Myn\u00e4m\u00e4en kunta - tontit<\/title>\n<meta name=\"robots\" content=\"index, follow, max-snippet:-1, max-image-preview:large, max-video-preview:-1\" \/>\n<link rel=\"canonical\" href=\"https:\/\/tontit.mynamaki.fi\/\" \/>\n<meta property=\"og:locale\" content=\"fi_FI\" \/>\n<meta property=\"og:type\" content=\"article\" \/>\n<meta property=\"og:title\" content=\"Etusivu - Myn\u00e4m\u00e4en kunta - tontit\" \/>\n<meta property=\"og:description\" content=\"Muuttaisitko Myn\u00e4m\u00e4keen? Myn\u00e4m\u00e4ki on vire\u00e4 ja nykyaikainen vajaan 8000 asukkaan kunta keskell\u00e4 kaunista varsinais-suomalaista maalaismaisemaa. Kiinnostaako sinua liikunta, luonto, kulttuuri tai vaikkapa k\u00e4dentaidot? Myn\u00e4m\u00e4est\u00e4 l\u00f6ytyy koko perheelle mahdollisuuksia ja el\u00e4myksi\u00e4 ymp\u00e4ri vuoden. Tonttivaraus Tontin ostajan muistilista Turvallinen arki Myn\u00e4m\u00e4ess\u00e4 Myn\u00e4m\u00e4ki on turvallinen maalaiskunta. Kattavat palvelut Saatavana kaikenik\u00e4isille. Myn\u00e4m\u00e4est\u00e4 l\u00f6yd\u00e4t toimivat palvelut aina erinomaisesta kouluverkosta uuteen [&hellip;]\" \/>\n<meta property=\"og:url\" content=\"https:\/\/tontit.mynamaki.fi\/\" \/>\n<meta property=\"og:site_name\" content=\"Myn\u00e4m\u00e4en kunta - tontit\" \/>\n<meta property=\"article:modified_time\" content=\"2025-08-15T10:55:10+00:00\" \/>\n<meta name=\"twitter:card\" content=\"summary_large_image\" \/>\n<meta name=\"twitter:label1\" content=\"Arvioitu lukuaika\" \/>\n\t<meta name=\"twitter:data1\" content=\"1 minuutti\" \/>\n<script type=\"application\/ld+json\" class=\"yoast-schema-graph\">{\"@context\":\"https:\\\/\\\/schema.org\",\"@graph\":[{\"@type\":\"WebPage\",\"@id\":\"https:\\\/\\\/tontit.mynamaki.fi\\\/\",\"url\":\"https:\\\/\\\/tontit.mynamaki.fi\\\/\",\"name\":\"Etusivu - Myn\u00e4m\u00e4en kunta - tontit\",\"isPartOf\":{\"@id\":\"https:\\\/\\\/tontit.mynamaki.fi\\\/#website\"},\"datePublished\":\"2021-12-08T10:30:56+00:00\",\"dateModified\":\"2025-08-15T10:55:10+00:00\",\"breadcrumb\":{\"@id\":\"https:\\\/\\\/tontit.mynamaki.fi\\\/#breadcrumb\"},\"inLanguage\":\"fi\",\"potentialAction\":[{\"@type\":\"ReadAction\",\"target\":[\"https:\\\/\\\/tontit.mynamaki.fi\\\/\"]}]},{\"@type\":\"BreadcrumbList\",\"@id\":\"https:\\\/\\\/tontit.mynamaki.fi\\\/#breadcrumb\",\"itemListElement\":[{\"@type\":\"ListItem\",\"position\":1,\"name\":\"Home\",\"item\":\"https:\\\/\\\/tontit.mynamaki.fi\\\/\"},{\"@type\":\"ListItem\",\"position\":2,\"name\":\"Etusivu\"}]},{\"@type\":\"WebSite\",\"@id\":\"https:\\\/\\\/tontit.mynamaki.fi\\\/#website\",\"url\":\"https:\\\/\\\/tontit.mynamaki.fi\\\/\",\"name\":\"Myn\u00e4m\u00e4en kunta - tontit\",\"description\":\"\",\"publisher\":{\"@id\":\"https:\\\/\\\/tontit.mynamaki.fi\\\/#organization\"},\"potentialAction\":[{\"@type\":\"SearchAction\",\"target\":{\"@type\":\"EntryPoint\",\"urlTemplate\":\"https:\\\/\\\/tontit.mynamaki.fi\\\/?s={search_term_string}\"},\"query-input\":{\"@type\":\"PropertyValueSpecification\",\"valueRequired\":true,\"valueName\":\"search_term_string\"}}],\"inLanguage\":\"fi\"},{\"@type\":\"Organization\",\"@id\":\"https:\\\/\\\/tontit.mynamaki.fi\\\/#organization\",\"name\":\"Myn\u00e4m\u00e4en kunta - tontit\",\"url\":\"https:\\\/\\\/tontit.mynamaki.fi\\\/\",\"logo\":{\"@type\":\"ImageObject\",\"inLanguage\":\"fi\",\"@id\":\"https:\\\/\\\/tontit.mynamaki.fi\\\/#\\\/schema\\\/logo\\\/image\\\/\",\"url\":\"https:\\\/\\\/tontit.mynamaki.fi\\\/wp-content\\\/uploads\\\/2021\\\/12\\\/logo_header.png\",\"contentUrl\":\"https:\\\/\\\/tontit.mynamaki.fi\\\/wp-content\\\/uploads\\\/2021\\\/12\\\/logo_header.png\",\"width\":500,\"height\":158,\"caption\":\"Myn\u00e4m\u00e4en kunta - tontit\"},\"image\":{\"@id\":\"https:\\\/\\\/tontit.mynamaki.fi\\\/#\\\/schema\\\/logo\\\/image\\\/\"}}]}<\/script>\n<!-- \/ Yoast SEO plugin. -->","yoast_head_json":{"title":"Etusivu - Myn\u00e4m\u00e4en kunta - tontit","robots":{"index":"index","follow":"follow","max-snippet":"max-snippet:-1","max-image-preview":"max-image-preview:large","max-video-preview":"max-video-preview:-1"},"canonical":"https:\/\/tontit.mynamaki.fi\/","og_locale":"fi_FI","og_type":"article","og_title":"Etusivu - Myn\u00e4m\u00e4en kunta - tontit","og_description":"Muuttaisitko Myn\u00e4m\u00e4keen? Myn\u00e4m\u00e4ki on vire\u00e4 ja nykyaikainen vajaan 8000 asukkaan kunta keskell\u00e4 kaunista varsinais-suomalaista maalaismaisemaa. Kiinnostaako sinua liikunta, luonto, kulttuuri tai vaikkapa k\u00e4dentaidot? Myn\u00e4m\u00e4est\u00e4 l\u00f6ytyy koko perheelle mahdollisuuksia ja el\u00e4myksi\u00e4 ymp\u00e4ri vuoden. Tonttivaraus Tontin ostajan muistilista Turvallinen arki Myn\u00e4m\u00e4ess\u00e4 Myn\u00e4m\u00e4ki on turvallinen maalaiskunta. Kattavat palvelut Saatavana kaikenik\u00e4isille. Myn\u00e4m\u00e4est\u00e4 l\u00f6yd\u00e4t toimivat palvelut aina erinomaisesta kouluverkosta uuteen [&hellip;]","og_url":"https:\/\/tontit.mynamaki.fi\/","og_site_name":"Myn\u00e4m\u00e4en kunta - tontit","article_modified_time":"2025-08-15T10:55:10+00:00","twitter_card":"summary_large_image","twitter_misc":{"Arvioitu lukuaika":"1 minuutti"},"schema":{"@context":"https:\/\/schema.org","@graph":[{"@type":"WebPage","@id":"https:\/\/tontit.mynamaki.fi\/","url":"https:\/\/tontit.mynamaki.fi\/","name":"Etusivu - Myn\u00e4m\u00e4en kunta - tontit","isPartOf":{"@id":"https:\/\/tontit.mynamaki.fi\/#website"},"datePublished":"2021-12-08T10:30:56+00:00","dateModified":"2025-08-15T10:55:10+00:00","breadcrumb":{"@id":"https:\/\/tontit.mynamaki.fi\/#breadcrumb"},"inLanguage":"fi","potentialAction":[{"@type":"ReadAction","target":["https:\/\/tontit.mynamaki.fi\/"]}]},{"@type":"BreadcrumbList","@id":"https:\/\/tontit.mynamaki.fi\/#breadcrumb","itemListElement":[{"@type":"ListItem","position":1,"name":"Home","item":"https:\/\/tontit.mynamaki.fi\/"},{"@type":"ListItem","position":2,"name":"Etusivu"}]},{"@type":"WebSite","@id":"https:\/\/tontit.mynamaki.fi\/#website","url":"https:\/\/tontit.mynamaki.fi\/","name":"Myn\u00e4m\u00e4en kunta - tontit","description":"","publisher":{"@id":"https:\/\/tontit.mynamaki.fi\/#organization"},"potentialAction":[{"@type":"SearchAction","target":{"@type":"EntryPoint","urlTemplate":"https:\/\/tontit.mynamaki.fi\/?s={search_term_string}"},"query-input":{"@type":"PropertyValueSpecification","valueRequired":true,"valueName":"search_term_string"}}],"inLanguage":"fi"},{"@type":"Organization","@id":"https:\/\/tontit.mynamaki.fi\/#organization","name":"Myn\u00e4m\u00e4en kunta - tontit","url":"https:\/\/tontit.mynamaki.fi\/","logo":{"@type":"ImageObject","inLanguage":"fi","@id":"https:\/\/tontit.mynamaki.fi\/#\/schema\/logo\/image\/","url":"https:\/\/tontit.mynamaki.fi\/wp-content\/uploads\/2021\/12\/logo_header.png","contentUrl":"https:\/\/tontit.mynamaki.fi\/wp-content\/uploads\/2021\/12\/logo_header.png","width":500,"height":158,"caption":"Myn\u00e4m\u00e4en kunta - tontit"},"image":{"@id":"https:\/\/tontit.mynamaki.fi\/#\/schema\/logo\/image\/"}}]}},"_links":{"self":[{"href":"https:\/\/tontit.mynamaki.fi\/index.php?rest_route=\/wp\/v2\/pages\/2","targetHints":{"allow":["GET"]}}],"collection":[{"href":"https:\/\/tontit.mynamaki.fi\/index.php?rest_route=\/wp\/v2\/pages"}],"about":[{"href":"https:\/\/tontit.mynamaki.fi\/index.php?rest_route=\/wp\/v2\/types\/page"}],"author":[{"embeddable":true,"href":"https:\/\/tontit.mynamaki.fi\/index.php?rest_route=\/wp\/v2\/users\/1"}],"replies":[{"embeddable":true,"href":"https:\/\/tontit.mynamaki.fi\/index.php?rest_route=%2Fwp%2Fv2%2Fcomments&post=2"}],"version-history":[{"count":202,"href":"https:\/\/tontit.mynamaki.fi\/index.php?rest_route=\/wp\/v2\/pages\/2\/revisions"}],"predecessor-version":[{"id":2050,"href":"https:\/\/tontit.mynamaki.fi\/index.php?rest_route=\/wp\/v2\/pages\/2\/revisions\/2050"}],"wp:attachment":[{"href":"https:\/\/tontit.mynamaki.fi\/index.php?rest_route=%2Fwp%2Fv2%2Fmedia&parent=2"}],"curies":[{"name":"wp","href":"https:\/\/api.w.org\/{rel}","templated":true}]}}